{"id":246,"date":"2013-11-27T12:41:54","date_gmt":"2013-11-27T12:41:54","guid":{"rendered":"http:\/\/eventmanagerblog.com\/event-wordpress-theme-tyler\/?page_id=2"},"modified":"2024-04-19T11:34:28","modified_gmt":"2024-04-19T09:34:28","slug":"program","status":"publish","type":"page","link":"https:\/\/excel.fit.vutbr.cz\/2024\/program\/","title":{"rendered":"Program"},"content":{"rendered":"\r\n<div id=\"program\">\r\n    <div class=\"row\">\r\n        <div class=\"col-md-12\">\r\n            <p>Jubilejn\u00ed 10. ro\u010dn\u00edk konference Excel@FIT 2024 prob\u011bhne ve \u010dtvrtek 2. 5. 2024 na Fakult\u011b informa\u010dn\u00edch technologi\u00ed VUT v Brn\u011b a my u\u017e se nem\u016f\u017eeme do\u010dkat, a\u017e V\u00e1m p\u0159edstav\u00edme leto\u0161n\u00ed p\u0159ijat\u00e9 autorsk\u00e9 pr\u00e1ce na\u0161ich studuj\u00edc\u00edch. V r\u00e1mci konference se budou prezentovat tak\u00e9 na\u0161i pr\u016fmyslov\u00ed partne\u0159i z IT oboru a m\u016f\u017eete se t\u011b\u0161it i na doprovodn\u00fd program. <\/p>\r\n        <\/div>\r\n    <\/div>\r\n<h3>Program konference<\/h3>\r\n<div class=\"row\">\r\n<div class=\"col-md-6\">\r\n<table class=\"program-table table\">\r\n<tbody>\r\n<tr class=\"default\">\r\n<th>12:00-12:05<\/th>\r\n<td>Zah\u00e1jen\u00ed konference a uv\u00edt\u00e1n\u00ed panem d\u011bkanem<\/td>\r\n<td><a href=\"https:\/\/www.fit.vut.cz\/fit\/room\/D105\/\">D105<\/a><\/td>\r\n<\/tr>\r\n<tr class=\"default\">\r\n    <th>12:05-13:00<\/th>\r\n    <td>Panelov\u00e1 diskuze s IT profesion\u00e1ly na t\u00e9ma: <em>Jak  m\u00e1 vypadat skv\u011bl\u00e1 samostatn\u00e1 pr\u00e1ce studenta FIT?<\/em><\/td>\r\n    <td><a href=\"https:\/\/www.fit.vut.cz\/fit\/room\/D105\/\">D105<\/a><\/td>\r\n<\/tr>\r\n<tr class=\"default\">\r\n<th>13:00-15:30<\/th>\r\n<td>P\u0159ehl\u00eddka studentsk\u00fdch prac\u00ed<br><small>V are\u00e1lu FIT budou rozm\u00edst\u011bny postery prezentuj\u00edc\u00ed projekty na\u0161ich studuj\u00edc\u00edch, u nich\u017e budete m\u00edt mo\u017enost si pohovo\u0159it s jejich autorkami a autory.<\/small><\/td>\r\n<td><\/td>\r\n<\/tr>\r\n<tr class=\"default\">\r\n<th>16:00<\/th>\r\n<td>Vyhl\u00e1\u0161en\u00ed v\u00fdsledk\u016f<br>\r\n<small>Pr\u00e1ce budou hodnoceny ve t\u0159ech kategori\u00edch: \r\n<ul>\r\n<li>ocen\u011bn\u00ed odborn\u00fdm panelem,<\/li>\r\n<li>ocen\u011bn\u00ed firemn\u00edmi partnery,<\/li>\r\n<li>nejlep\u0161\u00ed pr\u00e1ce dle ve\u0159ejnosti - V\u0161ichni n\u00e1v\u0161t\u011bvn\u00edci maj\u00ed mo\u017enost hlasovat pro sv\u00e9ho favorita.<\/li>\r\n<\/ul><\/small>\r\n<\/td>\r\n<td><a href=\"https:\/\/www.fit.vut.cz\/fit\/room\/D105\/\">D105<\/a><\/td>\r\n<\/tr>\r\n<\/tbody>\r\n<\/table>\r\n<p>Po skon\u010den\u00ed konference bude n\u00e1sledovat raut.<\/p>\r\n<\/div>\r\n<div class=\"col-md-6\"><img src=\"\/wp-content\/themes\/Tyler2024\/images\/ucastnici.jpg\" alt=\"\"><\/div>\r\n<\/div>\r\n\r\n<h2>Doprovodn\u00fd program<\/h2>\r\n\r\n<div class=\"row\">\r\n  <div class=\"col-md-6\"><p><img src=\"\/wp-content\/themes\/Tyler2024\/images\/noc-vedcu.jpg\" alt=\"\"><\/p><\/div>\r\n  <div class=\"col-md-6\">\r\n  <p>U\u017e jste n\u011bkde narazili na kamion <a href=\"https:\/\/www.fablabbrno.cz\"><strong>FabLab<\/strong><\/a> a \u0159\u00edkali si, co se v n\u011bm asi odehr\u00e1v\u00e1?<\/p>\r\n  <p>Tak u\u017e nemus\u00edte h\u00e1dat! P\u0159ij\u010fte na Excel@FIT, kde bude pro v\u00e1s otev\u0159en. A a\u0165 v\u00edte, do \u010deho jdete, FabLab je v\u00fdrobn\u00ed technologi\u00ed nadupan\u00fd kamion, kter\u00fd um\u00ed kreativn\u00ed digit\u00e1ln\u00ed projekty p\u0159eklopit   do hmatateln\u00e9 podoby. M\u016f\u017eete si vyzkou\u0161et pr\u00e1ci s 3D tisk\u00e1rnami, robotick\u00fdm ramenem, plottery \u010di laserovou \u0159eza\u010dkou.<\/p>\r\n  <\/div>\r\n<\/div>\r\n\r\n<div class=\"row\">\r\n  <div class=\"col-md-6\">\r\n  <p>Jak se \u017eilo za zdmi kartuzi\u00e1nsk\u00e9ho kl\u00e1\u0161tera  ze 14. stolet\u00ed a jak to jde dohromady s v\u00fdzkumn\u00fdmi laborato\u0159emi jednoho z nejprogresivn\u011bj\u0161\u00edch v\u011bdn\u00edch obor\u016f na sv\u011bt\u011b?<\/p>\r\n\r\n<p>N\u00e1\u0161 fakultn\u00ed are\u00e1l je hodnocen jako jeden z nejkr\u00e1sn\u011bj\u0161\u00edch na sv\u011bt\u011b. A \u017ee zcela pr\u00e1vem, se m\u016f\u017eete p\u0159esv\u011bd\u010dit tak\u00e9 <a href=\"https:\/\/my.matterport.com\/models\/eYYKF9brZbw?cta_origin=all_spaces_page&section=media\"><strong>ve 3D prohl\u00eddce<\/strong><\/a>. Za\u017e\u00edt architektonickou a historickou kr\u00e1su FIT na\u017eivo a nav\u00edc s architektem, kter\u00fd stoj\u00ed za jeho rekonstrukc\u00ed, je v\u0161ak k nezaplacen\u00ed. Nahl\u00e9dnete do prostor, kter\u00e9 jsou b\u011b\u017en\u011b nep\u0159\u00edstupn\u00e9 a dozv\u00edte se, co se zde odehr\u00e1valo d\u00e1vno p\u0159ed t\u00edm, ne\u017e se zde us\u00eddlila Fakulta informa\u010dn\u00edch technologi\u00ed.<\/p>\r\n<p><strong>Prohl\u00eddky startuj\u00ed u ka\u0161ny na n\u00e1dvo\u0159\u00ed ve dvou \u010dasech: 13:15 a 14:30.<\/strong><\/p>\r\n  <\/div>\r\n  <div class=\"col-md-6\"><p><img src=\"\/wp-content\/themes\/Tyler2024\/images\/prohlidka-arealu.jpg\" alt=\"\"><\/p><\/div>\r\n<\/div>\r\n\r\n\r\n<div class=\"row\">\r\n  <div class=\"col-md-6\"><p><img src=\"\/wp-content\/themes\/Tyler2024\/images\/prehlidka-praci.jpg\" alt=\"\"><\/p><\/div>\r\n  <div class=\"col-md-6\">\r\n  <p>A a\u010d je to k neuv\u011b\u0159en\u00ed a uteklo to jako voda, letos se bude konat u\u017e 10. ro\u010dn\u00edk a to si zaslou\u017e\u00ed i mal\u00e9 ohl\u00e9dnut\u00ed. V komplexu D bude p\u0159ipraven pr\u016f\u0159ez t\u011bmi nejlep\u0161\u00edmi pracemi, kter\u00e9 za uplynulou dek\u00e1du pro\u0161ly konferenc\u00ed Excel@FIT.<\/p>\r\n  <\/div>\r\n<\/div>\r\n\r\n<\/div>\r\n\r\n","protected":false},"excerpt":{"rendered":"Program konference Excel@FIT, kter\u00e1 se kon\u00e1 na Fakult\u011b informa\u010dn\u00edch technologi\u00ed VUT v Brn\u011b.  ","protected":false},"author":2,"featured_media":3413,"parent":0,"menu_order":0,"comment_status":"closed","ping_status":"closed","template":"","meta":{"_monsterinsights_skip_tracking":false,"_monsterinsights_sitenote_active":false,"_monsterinsights_sitenote_note":"","_monsterinsights_sitenote_category":0,"ngg_post_thumbnail":0,"footnotes":""},"class_list":["post-246","page","type-page","status-publish","has-post-thumbnail","hentry"],"aioseo_notices":[],"_links":{"self":[{"href":"https:\/\/excel.fit.vutbr.cz\/2024\/wp-json\/wp\/v2\/pages\/246","targetHints":{"allow":["GET"]}}],"collection":[{"href":"https:\/\/excel.fit.vutbr.cz\/2024\/wp-json\/wp\/v2\/pages"}],"about":[{"href":"https:\/\/excel.fit.vutbr.cz\/2024\/wp-json\/wp\/v2\/types\/page"}],"author":[{"embeddable":true,"href":"https:\/\/excel.fit.vutbr.cz\/2024\/wp-json\/wp\/v2\/users\/2"}],"replies":[{"embeddable":true,"href":"https:\/\/excel.fit.vutbr.cz\/2024\/wp-json\/wp\/v2\/comments?post=246"}],"version-history":[{"count":270,"href":"https:\/\/excel.fit.vutbr.cz\/2024\/wp-json\/wp\/v2\/pages\/246\/revisions"}],"predecessor-version":[{"id":3607,"href":"https:\/\/excel.fit.vutbr.cz\/2024\/wp-json\/wp\/v2\/pages\/246\/revisions\/3607"}],"wp:featuredmedia":[{"embeddable":true,"href":"https:\/\/excel.fit.vutbr.cz\/2024\/wp-json\/wp\/v2\/media\/3413"}],"wp:attachment":[{"href":"https:\/\/excel.fit.vutbr.cz\/2024\/wp-json\/wp\/v2\/media?parent=246"}],"curies":[{"name":"wp","href":"https:\/\/api.w.org\/{rel}","templated":true}]}}